{"id":837,"date":"2019-12-11T18:41:29","date_gmt":"2019-12-11T17:41:29","guid":{"rendered":"http:\/\/jacquesmarion.fr\/?page_id=837"},"modified":"2022-02-12T07:32:37","modified_gmt":"2022-02-12T06:32:37","slug":"accueil","status":"publish","type":"page","link":"https:\/\/jacquesmarion.fr\/","title":{"rendered":"Accueil"},"content":{"rendered":"\n<figure class=\"wp-block-image size-large\"><img decoding=\"async\" src=\"https:\/\/jacquesmarion.fr\/wp-content\/uploads\/2020\/08\/4eme-la-democratie-implicative.jpg\" alt=\"\"\/><\/figure>\n\n\n\n<p>La D\u00e9mocratie Implicative est un concept\npolitique innovant. Il est global, syst\u00e9mique et num\u00e9rique. <\/p>\n\n\n\n<p>C\u2019est un mod\u00e8le oblique qui int\u00e8gre le meilleur des d\u00e9mocraties repr\u00e9sentatives, participatives, horizontales et consultatives. Sa valeur socle est l\u2019activit\u00e9.<\/p>\n\n\n\n<p>Elle r\u00e9tablit les grands \u00e9quilibres de la nation en particulier financier. Elle assure la transition \u00e9cologique et \u00e9nerg\u00e9tique en impliquant fortement la soci\u00e9t\u00e9 civile. Elle repense compl\u00e8tement le contrat r\u00e9publicain fran\u00e7ais et l\u2019organisation du territoire. Elle propose un nouveau contrat social autour du \u00ab\u00a0capital citoyen\u00a0\u00bb et de la \u00ab\u00a0fiche citoyenne\u00a0\u00bb. Il est g\u00e9r\u00e9 en partie par chaque Fran\u00e7ais gr\u00e2ce aux ordinateurs et aux smartphones. <\/p>\n\n\n\n<p class=\"has-text-align-center\"><strong>Gouverner c\u2019est pr\u00e9voir (Emile de Girardin).<\/strong><\/p>\n\n\n\n<p class=\"has-text-align-center\"><strong>Ne pas pr\u00e9voir c\u2019est d\u00e9j\u00e0 g\u00e9mir (L\u00e9onard de\nVinci).<\/strong><\/p>\n\n\n\n<div class=\"wp-block-columns is-layout-flex wp-container-4\">\n<div class=\"wp-block-column is-layout-flow\" style=\"flex-basis:25%\"><\/div>\n\n\n\n<div class=\"wp-block-column is-layout-flow\" style=\"flex-basis:50%\">\n<div class=\"wp-block-image\"><figure class=\"aligncenter size-large\"><img decoding=\"async\" src=\"https:\/\/jacquesmarion.fr\/wp-content\/uploads\/2020\/08\/couverture-recadre.jpg\" alt=\"\"\/><\/figure><\/div>\n<\/div>\n\n\n\n<div class=\"wp-block-column is-layout-flow\" style=\"flex-basis:25%\"><\/div>\n<\/div>\n\n\n\n<p>Vous\nentrez peut \u00eatre par ce site pour d\u00e9couvrir la D\u00e9mocratie Implicative. Il\nfonctionne en compl\u00e9ment d\u2019un livre papier. Le tout forme un objet hybride que\nj\u2019ai appel\u00e9 liweb. Il se situe entre papier et Internet. Il ne fonctionne que\nsi les deux sont utilis\u00e9s simultan\u00e9ment. Ils doivent se renforcer l\u2019un et\nl\u2019autre dans des allers retours permanents. <\/p>\n\n\n\n<p>Ce site\ncomporte plusieurs 5 onglets <\/p>\n\n\n\n<ul><li><strong>\u00ab&nbsp;L\u2019accueil&nbsp;\u00bb<\/strong><\/li><li><strong>\u00ab&nbsp;Livrets&nbsp;\u00bb<\/strong>. Ils sont au nombre de onze et contiennent environ 1300 feuilles. Ils rassemblent des documents divers&nbsp;: photos, articles de presse, dossiers, courriers, vid\u00e9os et \u00e9changes de mails. <\/li><li><strong>\u00ab&nbsp;Documents&nbsp;\u00bb <\/strong>regroupe diff\u00e9rentes vid\u00e9os et power-points et autres sur diff\u00e9rents sujets. J\u2019enrichirai ces contenus dans l\u2019avenir. <\/li><li><strong>\u00ab&nbsp;Campagne 2017&nbsp;\u00bb<\/strong> regroupe les documents r\u00e9dig\u00e9s \u00e0 cette \u00e9poque. Ils sont rest\u00e9s en l\u2019\u00e9tat et n\u2019ont pas \u00e9t\u00e9 compl\u00e9t\u00e9s. <\/li><li><strong>\u00ab&nbsp;L\u2019actualit\u00e9&nbsp;\u00bb <\/strong>Il informe sur les informations concernant la D\u00e9mocratie Implicative. <\/li><li><strong>\u00ab&nbsp;Contacts&nbsp;\u00bb <\/strong>si vous souhaitez m\u2019\u00e9crire pour \u00e9changer ou faire des propositions.<\/li><\/ul>\n\n\n\n<p>Le\nlivre comporte cinq chapitres&nbsp;: <\/p>\n\n\n\n<ul><li><strong>\u00ab&nbsp;La biographie&nbsp;\u00bb<\/strong> : explique comment \u00e0 travers mon parcours s\u2019est construit le concept de D\u00e9mocratie Implicative.<\/li><li><strong>\u00ab&nbsp;La D\u00e9mocratie Implicative&nbsp;\u00bb<\/strong> : d\u00e9veloppe l\u2019ensemble du concept de la D\u00e9mocratie Implicative.<\/li><li><strong>\u00ab&nbsp;Le Monologue&nbsp;\u00bb<\/strong> : explique les contacts avec l\u2019Elys\u00e9e sous Fran\u00e7ois Hollande et Emmanuel Macron, en \u00e9voquant les dossiers de Paris 2024, Expofrance 2025, des Gilets Jaunes, du Bretton Woods du XXI<sup>\u00e8me<\/sup> si\u00e8cle\u2026 <\/li><li><strong>\u00ab&nbsp;La minivolution&nbsp;\u00bb\u00bb&nbsp;: <\/strong>analyse la 1<sup>\u00e8re<\/sup> moiti\u00e9 du quinquennat d\u2019Emmanuel Macron <\/li><li><strong>\u00ab&nbsp;Politique fiction&nbsp;\u00bb<\/strong> <strong>: <\/strong>se projette vers 2060. <\/li><\/ul>\n\n\n\n<div class=\"wp-block-image\"><figure class=\"aligncenter size-large is-resized\"><img decoding=\"async\" loading=\"lazy\" src=\"https:\/\/jacquesmarion.fr\/wp-content\/uploads\/2019\/12\/couverture-recadr\u00e9.jpg\" alt=\"\" class=\"wp-image-846\" width=\"353\" height=\"493\"\/><\/figure><\/div>\n\n\n\n<div class=\"wp-block-columns is-layout-flex wp-container-7\">\n<div class=\"wp-block-column is-layout-flow\"><\/div>\n\n\n\n<div class=\"wp-block-column is-layout-flow\"><\/div>\n<\/div>\n\n\n\n<p><\/p>\n","protected":false},"excerpt":{"rendered":"<p>La D\u00e9mocratie Implicative est un concept politique innovant. Il est global, syst\u00e9mique et num\u00e9rique. C\u2019est un mod\u00e8le oblique qui int\u00e8gre le meilleur des d\u00e9mocraties repr\u00e9sentatives, participatives, horizontales et consultatives. Sa valeur socle est l\u2019activit\u00e9. Elle r\u00e9tablit les grands \u00e9quilibres de la nation en particulier financier. Elle assure la transition \u00e9cologique et \u00e9nerg\u00e9tique en impliquant fortement la soci\u00e9t\u00e9 civile. Elle repense compl\u00e8tement le contrat r\u00e9publicain fran\u00e7ais et l\u2019organisation du territoire. Elle propose un nouveau contrat social autour du \u00ab\u00a0capital citoyen\u00a0\u00bb et&#8230;<\/p>\n<p class=\"read-more\"><a class=\"btn btn-default\" href=\"https:\/\/jacquesmarion.fr\/\">Lire la suite<span class=\"screen-reader-text\"> Lire la suite<\/span><\/a><\/p>\n","protected":false},"author":2,"featured_media":0,"parent":0,"menu_order":0,"comment_status":"closed","ping_status":"closed","template":"","meta":{"_monsterinsights_skip_tracking":false,"_monsterinsights_sitenote_active":false,"_monsterinsights_sitenote_note":"","_monsterinsights_sitenote_category":0},"yoast_head":"<!-- This site is optimized with the Yoast SEO plugin v20.8 - https:\/\/yoast.com\/wordpress\/plugins\/seo\/ -->\n<title>Accueil -<\/title>\n<meta name=\"robots\" content=\"index, follow, max-snippet:-1, max-image-preview:large, max-video-preview:-1\" \/>\n<link rel=\"canonical\" href=\"https:\/\/jacquesmarion.fr\/\" \/>\n<meta property=\"og:locale\" content=\"fr_FR\" \/>\n<meta property=\"og:type\" content=\"article\" \/>\n<meta property=\"og:title\" content=\"Accueil -\" \/>\n<meta property=\"og:description\" content=\"La D\u00e9mocratie Implicative est un concept politique innovant. Il est global, syst\u00e9mique et num\u00e9rique. C\u2019est un mod\u00e8le oblique qui int\u00e8gre le meilleur des d\u00e9mocraties repr\u00e9sentatives, participatives, horizontales et consultatives. Sa valeur socle est l\u2019activit\u00e9. Elle r\u00e9tablit les grands \u00e9quilibres de la nation en particulier financier. Elle assure la transition \u00e9cologique et \u00e9nerg\u00e9tique en impliquant fortement la soci\u00e9t\u00e9 civile. Elle repense compl\u00e8tement le contrat r\u00e9publicain fran\u00e7ais et l\u2019organisation du territoire. Elle propose un nouveau contrat social autour du \u00ab\u00a0capital citoyen\u00a0\u00bb et...Lire la suite Lire la suite\" \/>\n<meta property=\"og:url\" content=\"https:\/\/jacquesmarion.fr\/\" \/>\n<meta property=\"article:modified_time\" content=\"2022-02-12T06:32:37+00:00\" \/>\n<meta property=\"og:image\" content=\"https:\/\/jacquesmarion.fr\/wp-content\/uploads\/2020\/08\/4eme-la-democratie-implicative.jpg\" \/>\n<meta name=\"twitter:card\" content=\"summary_large_image\" \/>\n<meta name=\"twitter:label1\" content=\"Dur\u00e9e de lecture estim\u00e9e\" \/>\n\t<meta name=\"twitter:data1\" content=\"2 minutes\" \/>\n<script type=\"application\/ld+json\" class=\"yoast-schema-graph\">{\"@context\":\"https:\/\/schema.org\",\"@graph\":[{\"@type\":\"WebPage\",\"@id\":\"https:\/\/jacquesmarion.fr\/\",\"url\":\"https:\/\/jacquesmarion.fr\/\",\"name\":\"Accueil -\",\"isPartOf\":{\"@id\":\"https:\/\/jacquesmarion.fr\/#website\"},\"datePublished\":\"2019-12-11T17:41:29+00:00\",\"dateModified\":\"2022-02-12T06:32:37+00:00\",\"breadcrumb\":{\"@id\":\"https:\/\/jacquesmarion.fr\/#breadcrumb\"},\"inLanguage\":\"fr-FR\",\"potentialAction\":[{\"@type\":\"ReadAction\",\"target\":[\"https:\/\/jacquesmarion.fr\/\"]}]},{\"@type\":\"BreadcrumbList\",\"@id\":\"https:\/\/jacquesmarion.fr\/#breadcrumb\",\"itemListElement\":[{\"@type\":\"ListItem\",\"position\":1,\"name\":\"Accueil\",\"item\":\"https:\/\/jacquesmarion.fr\/\"},{\"@type\":\"ListItem\",\"position\":2,\"name\":\"Accueil\"}]},{\"@type\":\"WebSite\",\"@id\":\"https:\/\/jacquesmarion.fr\/#website\",\"url\":\"https:\/\/jacquesmarion.fr\/\",\"name\":\"\",\"description\":\"\",\"potentialAction\":[{\"@type\":\"SearchAction\",\"target\":{\"@type\":\"EntryPoint\",\"urlTemplate\":\"https:\/\/jacquesmarion.fr\/?s={search_term_string}\"},\"query-input\":\"required name=search_term_string\"}],\"inLanguage\":\"fr-FR\"}]}<\/script>\n<!-- \/ Yoast SEO plugin. -->","yoast_head_json":{"title":"Accueil -","robots":{"index":"index","follow":"follow","max-snippet":"max-snippet:-1","max-image-preview":"max-image-preview:large","max-video-preview":"max-video-preview:-1"},"canonical":"https:\/\/jacquesmarion.fr\/","og_locale":"fr_FR","og_type":"article","og_title":"Accueil -","og_description":"La D\u00e9mocratie Implicative est un concept politique innovant. Il est global, syst\u00e9mique et num\u00e9rique. C\u2019est un mod\u00e8le oblique qui int\u00e8gre le meilleur des d\u00e9mocraties repr\u00e9sentatives, participatives, horizontales et consultatives. Sa valeur socle est l\u2019activit\u00e9. Elle r\u00e9tablit les grands \u00e9quilibres de la nation en particulier financier. Elle assure la transition \u00e9cologique et \u00e9nerg\u00e9tique en impliquant fortement la soci\u00e9t\u00e9 civile. Elle repense compl\u00e8tement le contrat r\u00e9publicain fran\u00e7ais et l\u2019organisation du territoire. Elle propose un nouveau contrat social autour du \u00ab\u00a0capital citoyen\u00a0\u00bb et...Lire la suite Lire la suite","og_url":"https:\/\/jacquesmarion.fr\/","article_modified_time":"2022-02-12T06:32:37+00:00","og_image":[{"url":"https:\/\/jacquesmarion.fr\/wp-content\/uploads\/2020\/08\/4eme-la-democratie-implicative.jpg"}],"twitter_card":"summary_large_image","twitter_misc":{"Dur\u00e9e de lecture estim\u00e9e":"2 minutes"},"schema":{"@context":"https:\/\/schema.org","@graph":[{"@type":"WebPage","@id":"https:\/\/jacquesmarion.fr\/","url":"https:\/\/jacquesmarion.fr\/","name":"Accueil -","isPartOf":{"@id":"https:\/\/jacquesmarion.fr\/#website"},"datePublished":"2019-12-11T17:41:29+00:00","dateModified":"2022-02-12T06:32:37+00:00","breadcrumb":{"@id":"https:\/\/jacquesmarion.fr\/#breadcrumb"},"inLanguage":"fr-FR","potentialAction":[{"@type":"ReadAction","target":["https:\/\/jacquesmarion.fr\/"]}]},{"@type":"BreadcrumbList","@id":"https:\/\/jacquesmarion.fr\/#breadcrumb","itemListElement":[{"@type":"ListItem","position":1,"name":"Accueil","item":"https:\/\/jacquesmarion.fr\/"},{"@type":"ListItem","position":2,"name":"Accueil"}]},{"@type":"WebSite","@id":"https:\/\/jacquesmarion.fr\/#website","url":"https:\/\/jacquesmarion.fr\/","name":"","description":"","potentialAction":[{"@type":"SearchAction","target":{"@type":"EntryPoint","urlTemplate":"https:\/\/jacquesmarion.fr\/?s={search_term_string}"},"query-input":"required name=search_term_string"}],"inLanguage":"fr-FR"}]}},"_links":{"self":[{"href":"https:\/\/jacquesmarion.fr\/index.php\/wp-json\/wp\/v2\/pages\/837"}],"collection":[{"href":"https:\/\/jacquesmarion.fr\/index.php\/wp-json\/wp\/v2\/pages"}],"about":[{"href":"https:\/\/jacquesmarion.fr\/index.php\/wp-json\/wp\/v2\/types\/page"}],"author":[{"embeddable":true,"href":"https:\/\/jacquesmarion.fr\/index.php\/wp-json\/wp\/v2\/users\/2"}],"replies":[{"embeddable":true,"href":"https:\/\/jacquesmarion.fr\/index.php\/wp-json\/wp\/v2\/comments?post=837"}],"version-history":[{"count":15,"href":"https:\/\/jacquesmarion.fr\/index.php\/wp-json\/wp\/v2\/pages\/837\/revisions"}],"predecessor-version":[{"id":1448,"href":"https:\/\/jacquesmarion.fr\/index.php\/wp-json\/wp\/v2\/pages\/837\/revisions\/1448"}],"wp:attachment":[{"href":"https:\/\/jacquesmarion.fr\/index.php\/wp-json\/wp\/v2\/media?parent=837"}],"curies":[{"name":"wp","href":"https:\/\/api.w.org\/{rel}","templated":true}]}}