{"id":921,"date":"2019-12-15T16:34:18","date_gmt":"2019-12-15T15:34:18","guid":{"rendered":"http:\/\/jacquesmarion.fr\/?page_id=921"},"modified":"2021-01-03T09:42:13","modified_gmt":"2021-01-03T08:42:13","slug":"documents-2","status":"publish","type":"page","link":"https:\/\/jacquesmarion.fr\/index.php\/documents-2\/","title":{"rendered":"documents"},"content":{"rendered":"\n<div class=\"wp-block-columns is-layout-flex wp-container-4\">\n<div class=\"wp-block-column is-layout-flow\">\n<h2 class=\"has-text-align-center has-vivid-purple-color has-text-color wp-block-heading\"><strong>Le chercheur, la politique et l&rsquo;ing\u00e9nieur<\/strong><\/h2>\n\n\n\n<div class=\"wp-block-image\"><figure class=\"aligncenter size-large is-resized\"><img decoding=\"async\" loading=\"lazy\" src=\"http:\/\/jacquesmarion.fr\/wp-content\/uploads\/2019\/12\/les-trois-666x1024.png\" alt=\"\" class=\"wp-image-857\" width=\"157\" height=\"239\"\/><\/figure><\/div>\n\n\n\n<p class=\"has-text-align-center\">Cette vid\u00e9o pr\u00e9sente la m\u00e9thodologie d&rsquo;un projet de territoire. Il met en dynamique trois \u00e9l\u00e9ments distinct un livre, un projet politique et les \u00ab\u00a01001 nuits des Pyr\u00e9n\u00e9es\u00a0\u00bb.<\/p>\n\n\n\n<div class=\"wp-block-button aligncenter\"><a class=\"wp-block-button__link\" href=\"https:\/\/www.youtube.com\/watch?v=TvjZUFdEF3Y&amp;t=41s\" target=\"_blank\" rel=\"noreferrer noopener\">visionner la vid\u00e9o<\/a><\/div>\n<\/div>\n\n\n\n<div class=\"wp-block-column is-layout-flow\">\n<h2 class=\"has-text-align-center has-vivid-purple-color has-text-color wp-block-heading\"><strong>Le Grand d\u00e9bat \u00e0 Pau (2019)<\/strong><\/h2>\n\n\n\n<div class=\"wp-block-image\"><figure class=\"aligncenter size-large\"><img decoding=\"async\" src=\"https:\/\/jacquesmarion.fr\/wp-content\/uploads\/2020\/08\/jacques-grand-debat.jpg\" alt=\"\"\/><\/figure><\/div>\n\n\n\n<p>Le Grand d\u00e9bat s\u2019est d\u00e9roul\u00e9 \u00e0 Pau de janvier \u00e0 mars 2019. Il a donn\u00e9 lieu \u00e0 cinq r\u00e9unions. Je suis intervenu 3 fois et Genevi\u00e8ve une fois. Il n\u2019y a jamais eu r\u00e9ellement de d\u00e9bat mais une suite de monologues. Fran\u00e7ois Bayrou a anim\u00e9 ces r\u00e9unions en les contr\u00f4lant habillement. &nbsp;<\/p>\n\n\n\n<div class=\"wp-block-button aligncenter\"><a class=\"wp-block-button__link\" href=\"https:\/\/jacquesmarion.fr\/index.php\/le-grand-debat-a-pau\/\" target=\"_blank\" rel=\"noreferrer noopener\">visionner les vid\u00e9os<\/a><\/div>\n<\/div>\n\n\n\n<div class=\"wp-block-column is-layout-flow\">\n<h2 class=\"has-text-align-center has-vivid-purple-color has-text-color wp-block-heading\"><strong>Les trois projets symboliques<\/strong><\/h2>\n\n\n\n<div class=\"wp-block-image\"><figure class=\"aligncenter size-large is-resized\"><img decoding=\"async\" loading=\"lazy\" src=\"https:\/\/jacquesmarion.fr\/wp-content\/uploads\/2020\/08\/les-trois-projets.png\" alt=\"\" width=\"78\" height=\"186\"\/><\/figure><\/div>\n\n\n\n<p>Trois projets illustrent ma carri\u00e8re et le recul de la d\u00e9mocratie locale :  &nbsp;\u00ab&nbsp;Ouarn\u00e8de Loisirs&nbsp;\u00bb,&nbsp;\u00ab&nbsp;Les Jeux Pyr\u00e9n\u00e9ens de l\u2019Aventure&nbsp;\u00bb et&nbsp;\u00ab&nbsp;Les \u00c9pop\u00e9es du B\u00e9arn&nbsp;\u00bb. Ils marquent le recul de la d\u00e9mocratie locale.<\/p>\n\n\n\n<p><\/p>\n\n\n\n<div class=\"wp-block-button aligncenter\"><a class=\"wp-block-button__link\" href=\"https:\/\/jacquesmarion.fr\/index.php\/les-trois-projets-symboliques\/\" target=\"_blank\" rel=\"noreferrer noopener\">voir les documents<\/a><\/div>\n<\/div>\n<\/div>\n\n\n\n<div class=\"wp-block-columns is-layout-flex wp-container-11\">\n<div class=\"wp-block-column is-layout-flow\">\n<h2 class=\"has-text-align-center has-vivid-purple-color has-text-color wp-block-heading\"><strong>Les sch\u00e9mas du livre<\/strong><\/h2>\n\n\n\n<figure class=\"wp-block-image size-large\"><img decoding=\"async\" src=\"https:\/\/jacquesmarion.fr\/wp-content\/uploads\/2020\/08\/les-democraties-jaune.jpg\" alt=\"\"\/><\/figure>\n\n\n\n<p> Des lecteurs m\u2019ont fait remarquer que certains sch\u00e9mas et graphiques sont difficiles \u00e0 lire. Ce document permettra \u00e0 tous d\u2019en avoir une meilleure lecture. La couleur am\u00e9liorera aussi la compr\u00e9hension. <\/p>\n\n\n\n<div class=\"wp-block-button aligncenter\"><a class=\"wp-block-button__link\" href=\"https:\/\/jacquesmarion.fr\/wp-content\/uploads\/2020\/08\/les-schemas-pour-site.pdf\" target=\"_blank\" rel=\"noreferrer noopener\">Visualiser le document<\/a><\/div>\n<\/div>\n\n\n\n<div class=\"wp-block-column is-layout-flow\">\n<h2 class=\"has-text-align-center has-vivid-purple-color has-text-color wp-block-heading\"><strong>Les articles d&rsquo;Andr\u00e9 Suchet<\/strong><\/h2>\n\n\n\n<div class=\"wp-block-image\"><figure class=\"aligncenter size-large\"><img decoding=\"async\" src=\"https:\/\/jacquesmarion.fr\/wp-content\/uploads\/2020\/08\/andre-jac-these.jpg\" alt=\"\"\/><\/figure><\/div>\n\n\n\n<p>Andr\u00e9 Suchet a \u00e9crit une th\u00e8se sur les Jeux Pyr\u00e9n\u00e9ens de l&rsquo;Aventure. Il a \u00e9galement r\u00e9dig\u00e9 de nombreux articles. Il est actuellement ma\u00eetre de conf\u00e9rence \u00e0 la facult\u00e9 de Bordeaux.<\/p>\n\n\n\n<div class=\"wp-block-button aligncenter\"><a class=\"wp-block-button__link\" href=\"andre-suchet-2\" target=\"_blank\" rel=\"noreferrer noopener\">Acc\u00e9der aux articles<\/a><\/div>\n<\/div>\n\n\n\n<div class=\"wp-block-column is-layout-flow\">\n<div class=\"wp-block-columns is-layout-flex wp-container-9\">\n<div class=\"wp-block-column is-layout-flow\">\n<h3 class=\"has-text-align-center has-vivid-purple-color has-text-color wp-block-heading\" style=\"font-size:29px\"><strong>Les vid\u00e9os  de la D\u00e9mocratie Implicative<\/strong><\/h3>\n\n\n\n<figure class=\"wp-block-image size-large\"><img decoding=\"async\" loading=\"lazy\" width=\"1016\" height=\"1024\" src=\"https:\/\/jacquesmarion.fr\/wp-content\/uploads\/2021\/01\/presentation-facebock-1016x1024.jpg\" alt=\"\" class=\"wp-image-1437\" srcset=\"https:\/\/jacquesmarion.fr\/wp-content\/uploads\/2021\/01\/presentation-facebock-1016x1024.jpg 1016w, https:\/\/jacquesmarion.fr\/wp-content\/uploads\/2021\/01\/presentation-facebock-298x300.jpg 298w, https:\/\/jacquesmarion.fr\/wp-content\/uploads\/2021\/01\/presentation-facebock-150x150.jpg 150w, https:\/\/jacquesmarion.fr\/wp-content\/uploads\/2021\/01\/presentation-facebock-768x774.jpg 768w, https:\/\/jacquesmarion.fr\/wp-content\/uploads\/2021\/01\/presentation-facebock-1524x1536.jpg 1524w, https:\/\/jacquesmarion.fr\/wp-content\/uploads\/2021\/01\/presentation-facebock-2032x2048.jpg 2032w, https:\/\/jacquesmarion.fr\/wp-content\/uploads\/2021\/01\/presentation-facebock-268x270.jpg 268w\" sizes=\"(max-width: 1016px) 100vw, 1016px\" \/><\/figure>\n\n\n\n<p>Cette s\u00e9rie de vid\u00e9os compl\u00e8te le livre et le site pour vous permettre de mieux d\u00e9couvrir la D\u00e9mocratie Implicative.<\/p>\n\n\n\n<div class=\"wp-block-buttons is-layout-flex\">\n<div class=\"wp-block-button\"><a class=\"wp-block-button__link\">Acc\u00e9der aux vid\u00e9os<\/a><\/div>\n<\/div>\n<\/div>\n<\/div>\n<\/div>\n<\/div>\n","protected":false},"excerpt":{"rendered":"<p>Le chercheur, la politique et l&rsquo;ing\u00e9nieur Cette vid\u00e9o pr\u00e9sente la m\u00e9thodologie d&rsquo;un projet de territoire. Il met en dynamique trois \u00e9l\u00e9ments distinct un livre, un projet politique et les \u00ab\u00a01001 nuits des Pyr\u00e9n\u00e9es\u00a0\u00bb. Le Grand d\u00e9bat \u00e0 Pau (2019) Le Grand d\u00e9bat s\u2019est d\u00e9roul\u00e9 \u00e0 Pau de janvier \u00e0 mars 2019. Il a donn\u00e9 lieu \u00e0 cinq r\u00e9unions. Je suis intervenu 3 fois et Genevi\u00e8ve une fois. Il n\u2019y a jamais eu r\u00e9ellement de d\u00e9bat mais une suite de monologues&#8230;.<\/p>\n<p class=\"read-more\"><a class=\"btn btn-default\" href=\"https:\/\/jacquesmarion.fr\/index.php\/documents-2\/\">Lire la suite<span class=\"screen-reader-text\"> Lire la suite<\/span><\/a><\/p>\n","protected":false},"author":2,"featured_media":0,"parent":0,"menu_order":0,"comment_status":"closed","ping_status":"closed","template":"","meta":{"_monsterinsights_skip_tracking":false,"_monsterinsights_sitenote_active":false,"_monsterinsights_sitenote_note":"","_monsterinsights_sitenote_category":0},"yoast_head":"<!-- This site is optimized with the Yoast SEO plugin v20.8 - https:\/\/yoast.com\/wordpress\/plugins\/seo\/ -->\n<title>documents -<\/title>\n<meta name=\"robots\" content=\"index, follow, max-snippet:-1, max-image-preview:large, max-video-preview:-1\" \/>\n<link rel=\"canonical\" href=\"https:\/\/jacquesmarion.fr\/index.php\/documents-2\/\" \/>\n<meta property=\"og:locale\" content=\"fr_FR\" \/>\n<meta property=\"og:type\" content=\"article\" \/>\n<meta property=\"og:title\" content=\"documents -\" \/>\n<meta property=\"og:description\" content=\"Le chercheur, la politique et l&rsquo;ing\u00e9nieur Cette vid\u00e9o pr\u00e9sente la m\u00e9thodologie d&rsquo;un projet de territoire. Il met en dynamique trois \u00e9l\u00e9ments distinct un livre, un projet politique et les \u00ab\u00a01001 nuits des Pyr\u00e9n\u00e9es\u00a0\u00bb. Le Grand d\u00e9bat \u00e0 Pau (2019) Le Grand d\u00e9bat s\u2019est d\u00e9roul\u00e9 \u00e0 Pau de janvier \u00e0 mars 2019. Il a donn\u00e9 lieu \u00e0 cinq r\u00e9unions. Je suis intervenu 3 fois et Genevi\u00e8ve une fois. Il n\u2019y a jamais eu r\u00e9ellement de d\u00e9bat mais une suite de monologues....Lire la suite Lire la suite\" \/>\n<meta property=\"og:url\" content=\"https:\/\/jacquesmarion.fr\/index.php\/documents-2\/\" \/>\n<meta property=\"article:modified_time\" content=\"2021-01-03T08:42:13+00:00\" \/>\n<meta property=\"og:image\" content=\"http:\/\/jacquesmarion.fr\/wp-content\/uploads\/2019\/12\/les-trois-666x1024.png\" \/>\n<meta name=\"twitter:card\" content=\"summary_large_image\" \/>\n<meta name=\"twitter:label1\" content=\"Dur\u00e9e de lecture estim\u00e9e\" \/>\n\t<meta name=\"twitter:data1\" content=\"1 minute\" \/>\n<script type=\"application\/ld+json\" class=\"yoast-schema-graph\">{\"@context\":\"https:\/\/schema.org\",\"@graph\":[{\"@type\":\"WebPage\",\"@id\":\"https:\/\/jacquesmarion.fr\/index.php\/documents-2\/\",\"url\":\"https:\/\/jacquesmarion.fr\/index.php\/documents-2\/\",\"name\":\"documents -\",\"isPartOf\":{\"@id\":\"https:\/\/jacquesmarion.fr\/#website\"},\"datePublished\":\"2019-12-15T15:34:18+00:00\",\"dateModified\":\"2021-01-03T08:42:13+00:00\",\"breadcrumb\":{\"@id\":\"https:\/\/jacquesmarion.fr\/index.php\/documents-2\/#breadcrumb\"},\"inLanguage\":\"fr-FR\",\"potentialAction\":[{\"@type\":\"ReadAction\",\"target\":[\"https:\/\/jacquesmarion.fr\/index.php\/documents-2\/\"]}]},{\"@type\":\"BreadcrumbList\",\"@id\":\"https:\/\/jacquesmarion.fr\/index.php\/documents-2\/#breadcrumb\",\"itemListElement\":[{\"@type\":\"ListItem\",\"position\":1,\"name\":\"Accueil\",\"item\":\"https:\/\/jacquesmarion.fr\/\"},{\"@type\":\"ListItem\",\"position\":2,\"name\":\"documents\"}]},{\"@type\":\"WebSite\",\"@id\":\"https:\/\/jacquesmarion.fr\/#website\",\"url\":\"https:\/\/jacquesmarion.fr\/\",\"name\":\"\",\"description\":\"\",\"potentialAction\":[{\"@type\":\"SearchAction\",\"target\":{\"@type\":\"EntryPoint\",\"urlTemplate\":\"https:\/\/jacquesmarion.fr\/?s={search_term_string}\"},\"query-input\":\"required name=search_term_string\"}],\"inLanguage\":\"fr-FR\"}]}<\/script>\n<!-- \/ Yoast SEO plugin. -->","yoast_head_json":{"title":"documents -","robots":{"index":"index","follow":"follow","max-snippet":"max-snippet:-1","max-image-preview":"max-image-preview:large","max-video-preview":"max-video-preview:-1"},"canonical":"https:\/\/jacquesmarion.fr\/index.php\/documents-2\/","og_locale":"fr_FR","og_type":"article","og_title":"documents -","og_description":"Le chercheur, la politique et l&rsquo;ing\u00e9nieur Cette vid\u00e9o pr\u00e9sente la m\u00e9thodologie d&rsquo;un projet de territoire. Il met en dynamique trois \u00e9l\u00e9ments distinct un livre, un projet politique et les \u00ab\u00a01001 nuits des Pyr\u00e9n\u00e9es\u00a0\u00bb. Le Grand d\u00e9bat \u00e0 Pau (2019) Le Grand d\u00e9bat s\u2019est d\u00e9roul\u00e9 \u00e0 Pau de janvier \u00e0 mars 2019. Il a donn\u00e9 lieu \u00e0 cinq r\u00e9unions. Je suis intervenu 3 fois et Genevi\u00e8ve une fois. Il n\u2019y a jamais eu r\u00e9ellement de d\u00e9bat mais une suite de monologues....Lire la suite Lire la suite","og_url":"https:\/\/jacquesmarion.fr\/index.php\/documents-2\/","article_modified_time":"2021-01-03T08:42:13+00:00","og_image":[{"url":"http:\/\/jacquesmarion.fr\/wp-content\/uploads\/2019\/12\/les-trois-666x1024.png"}],"twitter_card":"summary_large_image","twitter_misc":{"Dur\u00e9e de lecture estim\u00e9e":"1 minute"},"schema":{"@context":"https:\/\/schema.org","@graph":[{"@type":"WebPage","@id":"https:\/\/jacquesmarion.fr\/index.php\/documents-2\/","url":"https:\/\/jacquesmarion.fr\/index.php\/documents-2\/","name":"documents -","isPartOf":{"@id":"https:\/\/jacquesmarion.fr\/#website"},"datePublished":"2019-12-15T15:34:18+00:00","dateModified":"2021-01-03T08:42:13+00:00","breadcrumb":{"@id":"https:\/\/jacquesmarion.fr\/index.php\/documents-2\/#breadcrumb"},"inLanguage":"fr-FR","potentialAction":[{"@type":"ReadAction","target":["https:\/\/jacquesmarion.fr\/index.php\/documents-2\/"]}]},{"@type":"BreadcrumbList","@id":"https:\/\/jacquesmarion.fr\/index.php\/documents-2\/#breadcrumb","itemListElement":[{"@type":"ListItem","position":1,"name":"Accueil","item":"https:\/\/jacquesmarion.fr\/"},{"@type":"ListItem","position":2,"name":"documents"}]},{"@type":"WebSite","@id":"https:\/\/jacquesmarion.fr\/#website","url":"https:\/\/jacquesmarion.fr\/","name":"","description":"","potentialAction":[{"@type":"SearchAction","target":{"@type":"EntryPoint","urlTemplate":"https:\/\/jacquesmarion.fr\/?s={search_term_string}"},"query-input":"required name=search_term_string"}],"inLanguage":"fr-FR"}]}},"_links":{"self":[{"href":"https:\/\/jacquesmarion.fr\/index.php\/wp-json\/wp\/v2\/pages\/921"}],"collection":[{"href":"https:\/\/jacquesmarion.fr\/index.php\/wp-json\/wp\/v2\/pages"}],"about":[{"href":"https:\/\/jacquesmarion.fr\/index.php\/wp-json\/wp\/v2\/types\/page"}],"author":[{"embeddable":true,"href":"https:\/\/jacquesmarion.fr\/index.php\/wp-json\/wp\/v2\/users\/2"}],"replies":[{"embeddable":true,"href":"https:\/\/jacquesmarion.fr\/index.php\/wp-json\/wp\/v2\/comments?post=921"}],"version-history":[{"count":43,"href":"https:\/\/jacquesmarion.fr\/index.php\/wp-json\/wp\/v2\/pages\/921\/revisions"}],"predecessor-version":[{"id":1438,"href":"https:\/\/jacquesmarion.fr\/index.php\/wp-json\/wp\/v2\/pages\/921\/revisions\/1438"}],"wp:attachment":[{"href":"https:\/\/jacquesmarion.fr\/index.php\/wp-json\/wp\/v2\/media?parent=921"}],"curies":[{"name":"wp","href":"https:\/\/api.w.org\/{rel}","templated":true}]}}